e?
True
Let y(q) = 2480*q + 11. Is y(3) composite?
False
Let u(m) = 92*m**2 + 2. Let i be u(-8). Suppose -i = 4*d - 9*d. Let h = d - 735. Is h a composite number?
False
Is (-1820)/(1 + -8) + 5 composite?
True
Suppose -4*r + 1784 = z, 5*r + 6327 + 2593 = 5*z. Let l = 2535 - z. Is l a composite number?
False
Suppose -j + 114 = -96. Suppose 9*a - 567 = 2*a. Let d = a + j. Is d prime?
False
Let u = 3843 - 2679. Suppose -u = -3*t + 3447. Is t composite?
True
Let o(c) = 600*c**2 - 6*c - 8. Let k be o(-2). Suppose -2*b + k = -2602. Is b a prime number?
True
Let g(q) = 684*q + 28. Let d be g(20). Is d/15 + (-40)/(-300) a composite number?
True
Suppose 5*l - 3*a - 1748 = 4*l, 5*a - 8640 = -5*l. Is l a prime number?
True
Let z = -9 + 12. Suppose h + z*h = 4804. Is h a composite number?
False
Let w(h) be the first derivative of h**5/15 + h**4/24 - h**3/6 + 5*h**2/2 - 1. Let o(m) be the second derivative of w(m). Is o(6) a composite number?
False
Let p be 2/(-8) - 1/(-4). Is 5 - -404 - p/(1 + 2) prime?
True
Let s(h) be the second derivative of 73*h**5/20 + h**4/24 + 4*h**3/3 + 4*h. Let c(b) be the second derivative of s(b). Is c(3) prime?
False
Let r(a) = -10*a**3 + 3*a**2 + 3*a + 1. Let l be 1/4 - (-238)/(-56). Is r(l) a prime number?
True
Suppose 278 = -39*s + 38*s. Let o = 1675 + s. Is o a prime number?
False
Let p = 1360 + 454. Is p a prime number?
False
Suppose 2*t - 986 = 4*q, 3*t - 1455 = q - 3*q. Is t a composite number?
False
Let a(c) = 4*c**3 - 56*c**2 + 89*c + 55. Let i(y) = -y**3 + 14*y**2 - 22*y - 14. Let b(n) = -2*a(n) - 9*i(n). Is b(15) a prime number?
True
Is ((-4833391)/38)/(36/8 - 5) composite?
False
Is -24474*2/48*-4 a composite number?
False
Suppose -9*b + 6 = -7*b. Suppose 254 + 147 = p + 2*d, 0 = -3*p - b*d + 1218. Is p a prime number?
False
Let f = 46 + -116. Let c = f + 3435. Is c a composite number?
True
Suppose 26*m - 31*m + 41003 = -3*k, k - 16410 = -2*m. Is m composite?
True
Let a(v) = 38*v**2 - 11*v + 3. Let t be a(5). Suppose 3*n - n - t = 0. Is n prime?
True
Suppose 117 - 37 = 5*f. Let x = -29 + f. Let v = x + 23. Is v a composite number?
True
Suppose -y = 2*d - 13, -2*d + 0*d - 2*y + 18 = 0. Let j be (d/(-4) - -4) + -222. Is (-1 + -1)/(2/j) a composite number?
True
Let z(y) = -14303*y + 673. Is z(-6) composite?
False
Suppose 14 = l - 0. Suppose -4*q + 2*x + 16 = -q, -3*q + x + 20 = 0. Is (l/q)/((-1)/(-44)) composite?
True
Let x(v) = -v**2 - 5*v - 3. Let l be x(-3). Let a(n) = -64*n - 15. Let d be a(-33). Suppose -6*z + z - 1267 = -l*c, 5*c - z - d = 0. Is c composite?
False
Suppose -587145 = -33*u - 6*u. Is u composite?
True
Let t = -83 + 87. Let z(h) = h**3 + 4*h**2 - 6*h + 9. Is z(t) composite?
False
Suppose 32383 = 11*m - 128206. Is m composite?
True
Let d = 205872 + -139219. Is d a prime number?
True
Let o = -1415 + 2002. Is o prime?
True
Suppose 179326 = 11*u - 33733. Is u a composite number?
True
Let x(y) = 3*y**2 - 4*y - 2. Let i be x(2). Is i*(-2)/(-8)*1986 composite?
True
Let r(l) = -l - 2. Let i be r(-2). Suppose -y - 5322 = 4*f - 1537, -2*f + 4*y - 1906 = i. Let b = -538 - f. Is b a composite number?
False
Let k = -1 + 3. Suppose -2*u + 6 = k*l - 3*l, -2*u + 2 = -3*l. Suppose 82 = u*p - 150. Is p prime?
False
Let u(m) = 6*m + 3. Let v be u(2). Is (v/36)/(3/(-12))*-321 a prime number?
False
Suppose 2*z + 26*n = 25*n + 24649, -24658 = -2*z - 4*n. Is z a prime number?
True
Let r(x) = 5*x**2 - 25*x + 11. Is r(29) composite?
False
Suppose -5*o = -a - 343, -4*a + 2*o - 1372 = -3*o. Let q = 756 + a. Is q a composite number?
True
Suppose 5*t - 16923 = 4*q - 46650, -5*t - 22294 = -3*q. Is q prime?
True
Suppose -1079 = -m + 2*i, 3*m + i = -4*i + 3281. Is m composite?
False
Suppose -w - 3*c = -678, -w + 2*c + 167 = -536. Suppose 678 = -2*v + 3*v + a, 4*a - w = -v. Is v a prime number?
True
Let g = 18 + 15. Suppose -5*y + 151 = 2*v + g, 3*v = -2*y + 56. Let o = y + 69. Is o a composite number?
True
Let p = -1122 + 29. Let c = p - -2270. Is c a composite number?
True
Let b = -4053 - -5726. Is b a prime number?
False
Suppose i + i - 4*l = 4094, -4*l = 2*i - 4078. Suppose -6*w + 4827 = -i. Is w a composite number?
True
Suppose -5*v = -4*x + 41189, -4*x + 4*v = -11884 - 29308. Is x prime?
True
Let v(n) = 2*n**3 - 3*n**2 + n - 3. Let l be v(2). Suppose 0 = -5*p + l*z + 1243 + 4557, -2*p + 3*z = -2311. Is p a composite number?
False
Let m(t) = -42*t + 4. Let s be m(2). Let r be (-4)/6 - s/12. Is (212/r)/((-12)/(-18)) composite?
False
Suppose 2*w + 2256 = 10*w. Suppose 3*b - w = b - 2*n, 294 = 2*b - n. Is b prime?
False
Is 5293 - (10 - 5 - 6) a prime number?
False
Suppose 0*p = 3*g + 4*p - 82063, -2*p = g - 27351. Is g composite?
False
Let w = -84 + 96. Suppose 7*r - w*r + 2545 = 0. Is r a prime number?
True
Let i be (4/(-1))/(48/(-60)). Suppose 0 = -5*d - 3*y, 5*y + 23 = i*d - 17. Suppose -4*r + 16 = 0, -d*q + 3*r + 664 = 67. Is q a composite number?
True
Let i = 209 + 971. Let c = i + -386. Is c composite?
True
Let j(u) = -611*u + 378. Is j(-17) composite?
True
Let z = 14 + -26. Let g be (-30)/z*4/(-5). Is (18/45)/(g/(-310)) prime?
False
Suppose -5*y + 3*y + 16 = 0. Let u be (-10)/1 + y + -8. Is u/35 + (-1250)/(-14) composite?
False
Let m be 3 + 2*4/(-8). Suppose 1021 = -m*v + 3363. Is v a prime number?
True
Suppose 6*g - 2 = 10. Is 0 + 0 + (g - 4) + 2561 a prime number?
False
Let p(g) = -g**3 + 9*g**2 - g + 6. Let m be p(7). Suppose 2*r + 4*l = -0*r + 64, 0 = -3*r - 5*l + m. Is r a composite number?
True
Let b(x) = -6*x**3 - 6*x**2 - 6*x - 18. Let o be b(14). Is o/(-9)*(-4 + 22/4) a prime number?
True
Suppose 4478 = n - d, -14717 + 37115 = 5*n + 3*d. Suppose 2*g = -4*r + 1794, -5*g - 4*r = -0*g - n. Is g prime?
False
Suppose 59*a - 1536681 + 412200 = 0. Is a prime?
False
Suppose -3*z - 14 = c, 7*z + 26 = -3*c + 2*z. Is (-23565)/60*56/c composite?
True
Suppose 13760 = 7*j - 3285. Is j composite?
True
Suppose -274294 = 49*l - 1137821. Is l a composite number?
False
Suppose 4*u - 41 = -0*u + 5*l, 5*u = -4*l. Suppose -5*t = 5*b - 1305, t - 2*b + 779 = u*t. Is t a composite number?
False
Suppose -2*l - 2*l - 4*w + 16 = 0, 11 = 4*l + 3*w. Let n(x) = 145*x**2 + 1. Is n(l) composite?
True
Is 786 + 1 + -2 + 2 prime?
True
Let j = 59185 - 36674. Is j composite?
False
Let o = -24 - -41. Let c = o + -11. Let d(s) = 2*s**2 + s - 7. Is d(c) composite?
False
Let b be (5/(-3) + 2)*3. Suppose l = 5 + b. Is (l/9)/((-2)/(-645)) a composite number?
True
Is (1 - (-104)/(-65))/((-3)/76155) composite?
True
Suppose 22 = 3*h + 2*i, -4*h + 4*i = 2 + 2. Suppose -4*j + 1153 = y, -7*j = -6*j - h. Is y prime?
False
Let o(v) = 2*v**3 - 4*v**2 - 3*v + 1. Let u be o(5). Let k be 6/12 + 15/(-6). Is 6/k + u/2 a prime number?
False
Let b(m) = m**2 + 21*m + 25. Let y be b(-20). Suppose 4619 = y*l + 1234. Is l prime?
True
Let k = 44233 - 25462. Is k prime?
False
Let f(k) = k**2 - 7*k + 8. Let t be f(6). Let b = 2 + t. Suppose b*h - 3*h = 443. Is h prime?
True
Let j be (3/(-6))/((-6)/48). Let u(v) = -7*v - 41. Let f be u(-8). Suppose -5*c = f, -c - 1654 = -j*t + 1801. Is t a composite number?
False
Let x(c) = 341*c**2 + 9*c + 15. Is x(-8) prime?
True
Suppose 10*u - 5*u = 15, 3*u + 25235 = 4*k. Is k prime?
True
Let d be (1/2*2)/(3/21). Suppose d*f = 3*f + 388. Is f a composite number?
False
Let h be 6/(-3) + -2011 + (1 - 1). Let b = h + 6214. Is b composite?
False
Let n(q) = 2 + 8 - 118*q - 1. Let w(l) = -l**3 - 2*l**2 + 4*l - 1. Let r be w(-3). Is n(r) composite?
True
Suppose -14 = -5*i + 31. Let y be (i/(-3) - -3070) + 0. Suppose 5*t + 2*l = -l + y, t - 5*l = 619. Is t composite?
True
Suppose 17 = 4*z - 63. Let g = z + -10. Suppose -22 - 22 = -2*h - 3*k, 0 = -5*k + g. Is h a prime number?
True
Suppose -5*n - 864 = -3804. Suppose 3*k - 2*p = n, k + k - 391 = p. Is k composite?
True
Suppose 0 = 5*h - 5, -j - 4*h = 4*j - 1304. Let d(z) = -7*z + 48. Let x be d(-18). Let f = j - x. Is f composite?
True
Let l = -5 + 21. Suppose l*r = 18*r - 470. Is r prime?
False
Let r(g) = -1592*g - 1. Suppose 20 - 6 = -14*i. Is r(i) a prime number?
False
Suppose 5 = -i, -5 = 3*a + 2*i - 1. Let g(p) = 18*p - 3*p - 4*p + 1 - 8*p + 43*p**a. Is g(2) prime?
True
Suppose 0 = -o + m + 23398, 7*m - 10*m + 9 = 0. Is o prime?
False
Let c = 51 - 30. Is 16/24 - c/(-9) prime?
True
Suppose 14*b -